{"id":897646,"date":"2019-09-05T20:56:09","date_gmt":"2019-09-05T18:56:09","guid":{"rendered":"https:\/\/apuestasfree.com\/descargar-mejores-apps-casas-de-apuestas\/"},"modified":"2022-11-17T15:25:09","modified_gmt":"2022-11-17T14:25:09","slug":"descargar-mejores-apps-casas-de-apuestas","status":"publish","type":"page","link":"https:\/\/apuestasfree.com\/eus\/descargar-mejores-apps-casas-de-apuestas\/","title":{"rendered":"Nola deskargatu apostuen aplikazio onenak"},"content":{"rendered":"\n\n","protected":false},"excerpt":{"rendered":"","protected":false},"author":1,"featured_media":0,"parent":0,"menu_order":18,"comment_status":"closed","ping_status":"closed","template":"","meta":{"_uag_custom_page_level_css":"","footnotes":""},"class_list":["post-897646","page","type-page","status-publish"],"yoast_head":"<!-- This site is optimized with the Yoast SEO Premium plugin v27.1 (Yoast SEO v27.4) - https:\/\/yoast.com\/product\/yoast-seo-premium-wordpress\/ -->\n<title>Nola deskargatu apostuen aplikazio onenak - April del 2026<\/title>\n<meta name=\"description\" content=\"\u00a1Elige entre las mejores apps de las casas de apuestas! Sean cu\u00e1les sean tus casas de juego &#039;de cabecera&#039; deber\u00edas tener sus apps m\u00f3viles instaladas.\" \/>\n<meta name=\"robots\" content=\"index, follow, max-snippet:-1, max-image-preview:large, max-video-preview:-1\" \/>\n<link rel=\"canonical\" href=\"https:\/\/apuestasfree.com\/eus\/descargar-mejores-apps-casas-de-apuestas\/\" \/>\n<meta property=\"og:locale\" content=\"en_US\" \/>\n<meta property=\"og:type\" content=\"article\" \/>\n<meta property=\"og:title\" content=\"Nola deskargatu apostuen aplikazio onenak\" \/>\n<meta property=\"og:description\" content=\"\u00a1Elige entre las mejores apps de las casas de apuestas! Sean cu\u00e1les sean tus casas de juego &#039;de cabecera&#039; deber\u00edas tener sus apps m\u00f3viles instaladas.\" \/>\n<meta property=\"og:url\" content=\"https:\/\/apuestasfree.com\/eus\/descargar-mejores-apps-casas-de-apuestas\/\" \/>\n<meta property=\"og:site_name\" content=\"ApuestasFree\" \/>\n<meta property=\"article:modified_time\" content=\"2022-11-17T14:25:09+00:00\" \/>\n<meta name=\"twitter:card\" content=\"summary_large_image\" \/>\n<script type=\"application\/ld+json\" class=\"yoast-schema-graph\">{\"@context\":\"https:\\\/\\\/schema.org\",\"@graph\":[{\"@type\":\"WebPage\",\"@id\":\"https:\\\/\\\/apuestasfree.com\\\/eus\\\/descargar-mejores-apps-casas-de-apuestas\\\/\",\"url\":\"https:\\\/\\\/apuestasfree.com\\\/eus\\\/descargar-mejores-apps-casas-de-apuestas\\\/\",\"name\":\"Nola deskargatu apostuen aplikazio onenak - April del 2026\",\"isPartOf\":{\"@id\":\"https:\\\/\\\/apuestasfree.com\\\/eus\\\/#website\"},\"datePublished\":\"2019-09-05T18:56:09+00:00\",\"dateModified\":\"2022-11-17T14:25:09+00:00\",\"description\":\"\u00a1Elige entre las mejores apps de las casas de apuestas! Sean cu\u00e1les sean tus casas de juego 'de cabecera' deber\u00edas tener sus apps m\u00f3viles instaladas.\",\"breadcrumb\":{\"@id\":\"https:\\\/\\\/apuestasfree.com\\\/eus\\\/descargar-mejores-apps-casas-de-apuestas\\\/#breadcrumb\"},\"inLanguage\":\"eus-EUS\",\"potentialAction\":[{\"@type\":\"ReadAction\",\"target\":[\"https:\\\/\\\/apuestasfree.com\\\/eus\\\/descargar-mejores-apps-casas-de-apuestas\\\/\"]}]},{\"@type\":\"BreadcrumbList\",\"@id\":\"https:\\\/\\\/apuestasfree.com\\\/eus\\\/descargar-mejores-apps-casas-de-apuestas\\\/#breadcrumb\",\"itemListElement\":[{\"@type\":\"ListItem\",\"position\":1,\"name\":\"Inicio\",\"item\":\"https:\\\/\\\/apuestasfree.com\\\/eus\\\/\"},{\"@type\":\"ListItem\",\"position\":2,\"name\":\"Nola deskargatu apostuen aplikazio onenak\"}]},{\"@type\":\"WebSite\",\"@id\":\"https:\\\/\\\/apuestasfree.com\\\/eus\\\/#website\",\"url\":\"https:\\\/\\\/apuestasfree.com\\\/eus\\\/\",\"name\":\"ApuestasFree\",\"description\":\"\",\"publisher\":{\"@id\":\"https:\\\/\\\/apuestasfree.com\\\/eus\\\/#organization\"},\"potentialAction\":[{\"@type\":\"SearchAction\",\"target\":{\"@type\":\"EntryPoint\",\"urlTemplate\":\"https:\\\/\\\/apuestasfree.com\\\/eus\\\/?s={search_term_string}\"},\"query-input\":{\"@type\":\"PropertyValueSpecification\",\"valueRequired\":true,\"valueName\":\"search_term_string\"}}],\"inLanguage\":\"eus-EUS\"},{\"@type\":\"Organization\",\"@id\":\"https:\\\/\\\/apuestasfree.com\\\/eus\\\/#organization\",\"name\":\"ApuestasFree\",\"url\":\"https:\\\/\\\/apuestasfree.com\\\/eus\\\/\",\"logo\":{\"@type\":\"ImageObject\",\"inLanguage\":\"eus-EUS\",\"@id\":\"https:\\\/\\\/apuestasfree.com\\\/eus\\\/#\\\/schema\\\/logo\\\/image\\\/\",\"url\":\"https:\\\/\\\/apuestasfree.com\\\/wp-content\\\/uploads\\\/2019\\\/06\\\/afree_logo.png\",\"contentUrl\":\"https:\\\/\\\/apuestasfree.com\\\/wp-content\\\/uploads\\\/2019\\\/06\\\/afree_logo.png\",\"width\":106,\"height\":50,\"caption\":\"ApuestasFree\"},\"image\":{\"@id\":\"https:\\\/\\\/apuestasfree.com\\\/eus\\\/#\\\/schema\\\/logo\\\/image\\\/\"}}]}<\/script>\n<!-- \/ Yoast SEO Premium plugin. -->","yoast_head_json":{"title":"Nola deskargatu apostuen aplikazio onenak - April del 2026","description":"\u00a1Elige entre las mejores apps de las casas de apuestas! Sean cu\u00e1les sean tus casas de juego 'de cabecera' deber\u00edas tener sus apps m\u00f3viles instaladas.","robots":{"index":"index","follow":"follow","max-snippet":"max-snippet:-1","max-image-preview":"max-image-preview:large","max-video-preview":"max-video-preview:-1"},"canonical":"https:\/\/apuestasfree.com\/eus\/descargar-mejores-apps-casas-de-apuestas\/","og_locale":"en_US","og_type":"article","og_title":"Nola deskargatu apostuen aplikazio onenak","og_description":"\u00a1Elige entre las mejores apps de las casas de apuestas! Sean cu\u00e1les sean tus casas de juego 'de cabecera' deber\u00edas tener sus apps m\u00f3viles instaladas.","og_url":"https:\/\/apuestasfree.com\/eus\/descargar-mejores-apps-casas-de-apuestas\/","og_site_name":"ApuestasFree","article_modified_time":"2022-11-17T14:25:09+00:00","twitter_card":"summary_large_image","schema":{"@context":"https:\/\/schema.org","@graph":[{"@type":"WebPage","@id":"https:\/\/apuestasfree.com\/eus\/descargar-mejores-apps-casas-de-apuestas\/","url":"https:\/\/apuestasfree.com\/eus\/descargar-mejores-apps-casas-de-apuestas\/","name":"Nola deskargatu apostuen aplikazio onenak - April del 2026","isPartOf":{"@id":"https:\/\/apuestasfree.com\/eus\/#website"},"datePublished":"2019-09-05T18:56:09+00:00","dateModified":"2022-11-17T14:25:09+00:00","description":"\u00a1Elige entre las mejores apps de las casas de apuestas! Sean cu\u00e1les sean tus casas de juego 'de cabecera' deber\u00edas tener sus apps m\u00f3viles instaladas.","breadcrumb":{"@id":"https:\/\/apuestasfree.com\/eus\/descargar-mejores-apps-casas-de-apuestas\/#breadcrumb"},"inLanguage":"eus-EUS","potentialAction":[{"@type":"ReadAction","target":["https:\/\/apuestasfree.com\/eus\/descargar-mejores-apps-casas-de-apuestas\/"]}]},{"@type":"BreadcrumbList","@id":"https:\/\/apuestasfree.com\/eus\/descargar-mejores-apps-casas-de-apuestas\/#breadcrumb","itemListElement":[{"@type":"ListItem","position":1,"name":"Inicio","item":"https:\/\/apuestasfree.com\/eus\/"},{"@type":"ListItem","position":2,"name":"Nola deskargatu apostuen aplikazio onenak"}]},{"@type":"WebSite","@id":"https:\/\/apuestasfree.com\/eus\/#website","url":"https:\/\/apuestasfree.com\/eus\/","name":"ApuestasFree","description":"","publisher":{"@id":"https:\/\/apuestasfree.com\/eus\/#organization"},"potentialAction":[{"@type":"SearchAction","target":{"@type":"EntryPoint","urlTemplate":"https:\/\/apuestasfree.com\/eus\/?s={search_term_string}"},"query-input":{"@type":"PropertyValueSpecification","valueRequired":true,"valueName":"search_term_string"}}],"inLanguage":"eus-EUS"},{"@type":"Organization","@id":"https:\/\/apuestasfree.com\/eus\/#organization","name":"ApuestasFree","url":"https:\/\/apuestasfree.com\/eus\/","logo":{"@type":"ImageObject","inLanguage":"eus-EUS","@id":"https:\/\/apuestasfree.com\/eus\/#\/schema\/logo\/image\/","url":"https:\/\/apuestasfree.com\/wp-content\/uploads\/2019\/06\/afree_logo.png","contentUrl":"https:\/\/apuestasfree.com\/wp-content\/uploads\/2019\/06\/afree_logo.png","width":106,"height":50,"caption":"ApuestasFree"},"image":{"@id":"https:\/\/apuestasfree.com\/eus\/#\/schema\/logo\/image\/"}}]}},"uagb_featured_image_src":{"full":false,"thumbnail":false,"medium":false,"medium_large":false,"large":false,"1536x1536":false,"2048x2048":false},"uagb_author_info":{"display_name":"afree","author_link":"https:\/\/apuestasfree.com\/eus\/author\/afree\/"},"uagb_comment_info":0,"uagb_excerpt":null,"_links":{"self":[{"href":"https:\/\/apuestasfree.com\/eus\/wp-json\/wp\/v2\/pages\/897646","targetHints":{"allow":["GET"]}}],"collection":[{"href":"https:\/\/apuestasfree.com\/eus\/wp-json\/wp\/v2\/pages"}],"about":[{"href":"https:\/\/apuestasfree.com\/eus\/wp-json\/wp\/v2\/types\/page"}],"author":[{"embeddable":true,"href":"https:\/\/apuestasfree.com\/eus\/wp-json\/wp\/v2\/users\/1"}],"replies":[{"embeddable":true,"href":"https:\/\/apuestasfree.com\/eus\/wp-json\/wp\/v2\/comments?post=897646"}],"version-history":[{"count":0,"href":"https:\/\/apuestasfree.com\/eus\/wp-json\/wp\/v2\/pages\/897646\/revisions"}],"wp:attachment":[{"href":"https:\/\/apuestasfree.com\/eus\/wp-json\/wp\/v2\/media?parent=897646"}],"curies":[{"name":"wp","href":"https:\/\/api.w.org\/{rel}","templated":true}]}}